{"id":57,"date":"2020-02-20T17:15:10","date_gmt":"2020-02-20T17:15:10","guid":{"rendered":"http:\/\/192.168.12.95\/wordpress\/?page_id=57"},"modified":"2020-03-09T16:10:04","modified_gmt":"2020-03-09T16:10:04","slug":"estudios-geodinamicos","status":"publish","type":"page","link":"https:\/\/www.cenais.gob.cu\/cenais\/?page_id=57","title":{"rendered":"Estudios Geodin\u00e1micos"},"content":{"rendered":"<p><img loading=\"lazy\" decoding=\"async\" class=\"aligncenter\" src=\"http:\/\/www.cenais.cu\/cenais\/wp-content\/themes\/typist\/img\/paginavieja\/1.JPG\" alt=\"\" width=\"550\" height=\"423\" \/><\/p>\n<p>Los estudios\u00a0 Geodin\u00e1micos permiten determinar la existencia de fallas activas y sus principales par\u00e1metros, aumentando su confiabilidad y precisi\u00f3n a partir del an\u00e1lisis e interpretaci\u00f3n complementarias de registros s\u00edsmicos instrumentales.<\/p>\n<p>Le realizamos:<\/p>\n<ul>\n<li><strong>Proyecci\u00f3n y Dise\u00f1o de Pol\u00edgonos Geodin\u00e1micos.<\/strong><\/li>\n<li><strong>Determinaci\u00f3n de actividad de fallas tect\u00f3nicas.<\/strong><\/li>\n<li><strong>Interpretaci\u00f3n de los resultados de Mediciones Geod\u00e9sicas de Alta Precisi\u00f3n.<\/strong><\/li>\n<\/ul>\n","protected":false},"excerpt":{"rendered":"<p>Los estudios\u00a0 Geodin\u00e1micos permiten determinar la existencia de fallas activas y sus principales par\u00e1metros, aumentando su confiabilidad y precisi\u00f3n a partir del an\u00e1lisis e interpretaci\u00f3n complementarias de registros s\u00edsmicos instrumentales. Le realizamos: Proyecci\u00f3n y Dise\u00f1o de Pol\u00edgonos Geodin\u00e1micos. Determinaci\u00f3n de actividad de fallas tect\u00f3nicas. Interpretaci\u00f3n de los resultados de Mediciones Geod\u00e9sicas de Alta Precisi\u00f3n.<\/p>\n","protected":false},"author":1,"featured_media":0,"parent":0,"menu_order":0,"comment_status":"closed","ping_status":"closed","template":"","meta":{"footnotes":""},"class_list":["post-57","page","type-page","status-publish","hentry"],"_links":{"self":[{"href":"https:\/\/www.cenais.gob.cu\/cenais\/index.php?rest_route=\/wp\/v2\/pages\/57","targetHints":{"allow":["GET"]}}],"collection":[{"href":"https:\/\/www.cenais.gob.cu\/cenais\/index.php?rest_route=\/wp\/v2\/pages"}],"about":[{"href":"https:\/\/www.cenais.gob.cu\/cenais\/index.php?rest_route=\/wp\/v2\/types\/page"}],"author":[{"embeddable":true,"href":"https:\/\/www.cenais.gob.cu\/cenais\/index.php?rest_route=\/wp\/v2\/users\/1"}],"replies":[{"embeddable":true,"href":"https:\/\/www.cenais.gob.cu\/cenais\/index.php?rest_route=%2Fwp%2Fv2%2Fcomments&post=57"}],"version-history":[{"count":5,"href":"https:\/\/www.cenais.gob.cu\/cenais\/index.php?rest_route=\/wp\/v2\/pages\/57\/revisions"}],"predecessor-version":[{"id":455,"href":"https:\/\/www.cenais.gob.cu\/cenais\/index.php?rest_route=\/wp\/v2\/pages\/57\/revisions\/455"}],"wp:attachment":[{"href":"https:\/\/www.cenais.gob.cu\/cenais\/index.php?rest_route=%2Fwp%2Fv2%2Fmedia&parent=57"}],"curies":[{"name":"wp","href":"https:\/\/api.w.org\/{rel}","templated":true}]}}

Estudios Geodinámicos

<p><img loading="lazy" decoding="async" class="aligncenter" src="http://www.cenais.cu/cenais/wp-content/themes/typist/img/paginavieja/1.JPG" alt="" width="550" height="423" /></p>
<p>Los estudios  Geodinámicos permiten determinar la existencia de fallas activas y sus principales parámetros, aumentando su confiabilidad y precisión a partir del análisis e interpretación complementarias de registros sísmicos instrumentales.</p>
<p>Le realizamos:</p>
<ul>
<li><strong>Proyección y Diseño de Polígonos Geodinámicos.</strong></li>
<li><strong>Determinación de actividad de fallas tectónicas.</strong></li>
<li><strong>Interpretación de los resultados de Mediciones Geodésicas de Alta Precisión.</strong></li>
</ul>

<p>Los estudios  Geodinámicos permiten determinar la existencia de fallas activas y sus principales parámetros, aumentando su confiabilidad y precisión a partir del análisis e interpretación complementarias de registros sísmicos instrumentales. Le realizamos: Proyección y Diseño de Polígonos Geodinámicos. Determinación de actividad de fallas tectónicas. Interpretación de los resultados de Mediciones Geodésicas de Alta Precisión.</p>
