{"id":51,"date":"2020-02-20T16:10:27","date_gmt":"2020-02-20T16:10:27","guid":{"rendered":"http:\/\/192.168.12.95\/wordpress\/?page_id=51"},"modified":"2020-03-09T16:27:49","modified_gmt":"2020-03-09T16:27:49","slug":"manejo-de-desastres","status":"publish","type":"page","link":"https:\/\/www.cenais.gob.cu\/cenais\/?page_id=51","title":{"rendered":"Manejo de Desastres"},"content":{"rendered":"<p>&nbsp;<\/p>\n<p><img loading=\"lazy\" decoding=\"async\" class=\"aligncenter\" src=\"http:\/\/intranet.cenais.cu\/cenais\/wp-content\/themes\/typist\/img\/paginavieja\/Estudio_delos_Efectos_producidos_por_Terremotos Fuertes.JPG\" alt=\"\" width=\"423\" height=\"326\" \/><\/p>\n<p>Los desastres naturales, inevitables hasta el momento, pueden ser minimizados con una adecuada preparaci\u00f3n. Esta incluye, desde el aumento del conocimiento individual de los riesgos a que estamos sometidos, hasta la toma de decisiones a nivel empresarial o de gobierno.<\/p>\n<p>Desde el punto de vista de los desastres sismol\u00f3gicos hemos participado en la evaluaci\u00f3n de efectos producidos por terremotos fuertes tanto en el territorio nacional, como fuera del mismo.<\/p>\n<p>Le realizamos:<\/p>\n<ul>\n<li><strong>Evaluaci\u00f3n de multiamenazas para diferentes sitios.<\/strong><\/li>\n<li><strong>Estudio de los Efectos producidos por Terremotos Fuertes.<\/strong><\/li>\n<li><strong>Estimaci\u00f3n Econ\u00f3mica de los da\u00f1os.<\/strong><\/li>\n<li><strong>Evaluaci\u00f3n de Riesgo S\u00edsmico.<\/strong><\/li>\n<li><strong>Preparaci\u00f3n del personal para el manejo de Desastres Sismol\u00f3gicos.<\/strong><\/li>\n<li><strong>Recomendaciones para la mitigaci\u00f3n del Riesgo S\u00edsmico.<\/strong><\/li>\n<\/ul>\n","protected":false},"excerpt":{"rendered":"<p>&nbsp; Los desastres naturales, inevitables hasta el momento, pueden ser minimizados con una adecuada preparaci\u00f3n. Esta incluye, desde el aumento del conocimiento individual de los riesgos a que estamos sometidos, hasta la toma de decisiones a nivel empresarial o de gobierno. Desde el punto de vista de los desastres sismol\u00f3gicos hemos participado en la evaluaci\u00f3n [&hellip;]<\/p>\n","protected":false},"author":1,"featured_media":0,"parent":0,"menu_order":0,"comment_status":"closed","ping_status":"closed","template":"","meta":{"footnotes":""},"class_list":["post-51","page","type-page","status-publish","hentry"],"_links":{"self":[{"href":"https:\/\/www.cenais.gob.cu\/cenais\/index.php?rest_route=\/wp\/v2\/pages\/51","targetHints":{"allow":["GET"]}}],"collection":[{"href":"https:\/\/www.cenais.gob.cu\/cenais\/index.php?rest_route=\/wp\/v2\/pages"}],"about":[{"href":"https:\/\/www.cenais.gob.cu\/cenais\/index.php?rest_route=\/wp\/v2\/types\/page"}],"author":[{"embeddable":true,"href":"https:\/\/www.cenais.gob.cu\/cenais\/index.php?rest_route=\/wp\/v2\/users\/1"}],"replies":[{"embeddable":true,"href":"https:\/\/www.cenais.gob.cu\/cenais\/index.php?rest_route=%2Fwp%2Fv2%2Fcomments&post=51"}],"version-history":[{"count":3,"href":"https:\/\/www.cenais.gob.cu\/cenais\/index.php?rest_route=\/wp\/v2\/pages\/51\/revisions"}],"predecessor-version":[{"id":470,"href":"https:\/\/www.cenais.gob.cu\/cenais\/index.php?rest_route=\/wp\/v2\/pages\/51\/revisions\/470"}],"wp:attachment":[{"href":"https:\/\/www.cenais.gob.cu\/cenais\/index.php?rest_route=%2Fwp%2Fv2%2Fmedia&parent=51"}],"curies":[{"name":"wp","href":"https:\/\/api.w.org\/{rel}","templated":true}]}}

<p>&nbsp;</p>
<p><img loading="lazy" decoding="async" class="aligncenter" src="http://intranet.cenais.cu/cenais/wp-content/themes/typist/img/paginavieja/Estudio_delos_Efectos_producidos_por_Terremotos Fuertes.JPG" alt="" width="423" height="326" /></p>
<p>Los desastres naturales, inevitables hasta el momento, pueden ser minimizados con una adecuada preparación. Esta incluye, desde el aumento del conocimiento individual de los riesgos a que estamos sometidos, hasta la toma de decisiones a nivel empresarial o de gobierno.</p>
<p>Desde el punto de vista de los desastres sismológicos hemos participado en la evaluación de efectos producidos por terremotos fuertes tanto en el territorio nacional, como fuera del mismo.</p>
<p>Le realizamos:</p>
<ul>
<li><strong>Evaluación de multiamenazas para diferentes sitios.</strong></li>
<li><strong>Estudio de los Efectos producidos por Terremotos Fuertes.</strong></li>
<li><strong>Estimación Económica de los daños.</strong></li>
<li><strong>Evaluación de Riesgo Sísmico.</strong></li>
<li><strong>Preparación del personal para el manejo de Desastres Sismológicos.</strong></li>
<li><strong>Recomendaciones para la mitigación del Riesgo Sísmico.</strong></li>
</ul>

<p>&nbsp; Los desastres naturales, inevitables hasta el momento, pueden ser minimizados con una adecuada preparación. Esta incluye, desde el aumento del conocimiento individual de los riesgos a que estamos sometidos, hasta la toma de decisiones a nivel empresarial o de gobierno. Desde el punto de vista de los desastres sismológicos hemos participado en la evaluación [&hellip;]</p>
