{"id":44,"date":"2020-02-20T15:46:36","date_gmt":"2020-02-20T15:46:36","guid":{"rendered":"http:\/\/192.168.12.95\/wordpress\/?page_id=44"},"modified":"2020-03-09T16:22:57","modified_gmt":"2020-03-09T16:22:57","slug":"investigaciones-de-ingenieria-sismica","status":"publish","type":"page","link":"https:\/\/www.cenais.gob.cu\/cenais\/?page_id=44","title":{"rendered":"Investigaciones de Ingenier\u00eda S\u00edsmica"},"content":{"rendered":"<h3 class=\"moduleh3\" style=\"text-align: left;\"><strong>\u00a0\u00a0<img loading=\"lazy\" decoding=\"async\" class=\"aligncenter\" src=\"http:\/\/www.cenais.cu\/cenais\/wp-content\/themes\/typist\/img\/paginavieja\/Inspeccion_Visual_a_Estructuras.JPG\" alt=\"\" width=\"485\" height=\"384\" \/><\/strong><\/h3>\n<h3 class=\"moduleh3\" style=\"text-align: left;\"><strong><br \/>\n<\/strong><\/h3>\n<p>Nuestra experiencia en esta tem\u00e1tica abarca desde el estudio del comportamiento de estructuras aisladas durante terremotos hasta la evaluaci\u00f3n de la vulnerabilidad s\u00edsmica de obras de particular inter\u00e9s socioecon\u00f3mico y de asentamientos humanos de cualquier dimensi\u00f3n.Se tiene experiencia en la determinaci\u00f3n de par\u00e1metros de dise\u00f1o para la etapa de proyecto y en la clasificaci\u00f3n s\u00edsmica de las construcciones.<\/p>\n<p>Le realizamos:<\/p>\n<ul>\n<li><strong>Inspecci\u00f3n Visual a Estructuras.<\/strong><\/li>\n<li><strong>Descripci\u00f3n y Caracterizaci\u00f3n de Edificaciones.<\/strong><\/li>\n<li><strong>Vulnerabilidad S\u00edsmica, Funcional y Tecnol\u00f3gica.<\/strong><\/li>\n<li><strong>Caracterizaci\u00f3n de Riesgos Espec\u00edficos.<\/strong><\/li>\n<li><strong>Recomendaciones para Proyectos de Desarrollo.<\/strong><\/li>\n<li><strong>Valoraci\u00f3n de la Respuesta Din\u00e1mica de Edificaciones.<\/strong><\/li>\n<li><strong>Modelaci\u00f3n en 3D de Edificaciones.<\/strong><\/li>\n<\/ul>\n","protected":false},"excerpt":{"rendered":"<p>\u00a0\u00a0 Nuestra experiencia en esta tem\u00e1tica abarca desde el estudio del comportamiento de estructuras aisladas durante terremotos hasta la evaluaci\u00f3n de la vulnerabilidad s\u00edsmica de obras de particular inter\u00e9s socioecon\u00f3mico y de asentamientos humanos de cualquier dimensi\u00f3n.Se tiene experiencia en la determinaci\u00f3n de par\u00e1metros de dise\u00f1o para la etapa de proyecto y en la clasificaci\u00f3n [&hellip;]<\/p>\n","protected":false},"author":1,"featured_media":0,"parent":0,"menu_order":0,"comment_status":"closed","ping_status":"closed","template":"","meta":{"footnotes":""},"class_list":["post-44","page","type-page","status-publish","hentry"],"_links":{"self":[{"href":"https:\/\/www.cenais.gob.cu\/cenais\/index.php?rest_route=\/wp\/v2\/pages\/44","targetHints":{"allow":["GET"]}}],"collection":[{"href":"https:\/\/www.cenais.gob.cu\/cenais\/index.php?rest_route=\/wp\/v2\/pages"}],"about":[{"href":"https:\/\/www.cenais.gob.cu\/cenais\/index.php?rest_route=\/wp\/v2\/types\/page"}],"author":[{"embeddable":true,"href":"https:\/\/www.cenais.gob.cu\/cenais\/index.php?rest_route=\/wp\/v2\/users\/1"}],"replies":[{"embeddable":true,"href":"https:\/\/www.cenais.gob.cu\/cenais\/index.php?rest_route=%2Fwp%2Fv2%2Fcomments&post=44"}],"version-history":[{"count":6,"href":"https:\/\/www.cenais.gob.cu\/cenais\/index.php?rest_route=\/wp\/v2\/pages\/44\/revisions"}],"predecessor-version":[{"id":467,"href":"https:\/\/www.cenais.gob.cu\/cenais\/index.php?rest_route=\/wp\/v2\/pages\/44\/revisions\/467"}],"wp:attachment":[{"href":"https:\/\/www.cenais.gob.cu\/cenais\/index.php?rest_route=%2Fwp%2Fv2%2Fmedia&parent=44"}],"curies":[{"name":"wp","href":"https:\/\/api.w.org\/{rel}","templated":true}]}}

Investigaciones de Ingeniería Sísmica

<h3 class="moduleh3" style="text-align: left;"><strong>  <img loading="lazy" decoding="async" class="aligncenter" src="http://www.cenais.cu/cenais/wp-content/themes/typist/img/paginavieja/Inspeccion_Visual_a_Estructuras.JPG" alt="" width="485" height="384" /></strong></h3>
<h3 class="moduleh3" style="text-align: left;"><strong><br />
</strong></h3>
<p>Nuestra experiencia en esta temática abarca desde el estudio del comportamiento de estructuras aisladas durante terremotos hasta la evaluación de la vulnerabilidad sísmica de obras de particular interés socioeconómico y de asentamientos humanos de cualquier dimensión.Se tiene experiencia en la determinación de parámetros de diseño para la etapa de proyecto y en la clasificación sísmica de las construcciones.</p>
<p>Le realizamos:</p>
<ul>
<li><strong>Inspección Visual a Estructuras.</strong></li>
<li><strong>Descripción y Caracterización de Edificaciones.</strong></li>
<li><strong>Vulnerabilidad Sísmica, Funcional y Tecnológica.</strong></li>
<li><strong>Caracterización de Riesgos Específicos.</strong></li>
<li><strong>Recomendaciones para Proyectos de Desarrollo.</strong></li>
<li><strong>Valoración de la Respuesta Dinámica de Edificaciones.</strong></li>
<li><strong>Modelación en 3D de Edificaciones.</strong></li>
</ul>

<p>   Nuestra experiencia en esta temática abarca desde el estudio del comportamiento de estructuras aisladas durante terremotos hasta la evaluación de la vulnerabilidad sísmica de obras de particular interés socioeconómico y de asentamientos humanos de cualquier dimensión.Se tiene experiencia en la determinación de parámetros de diseño para la etapa de proyecto y en la clasificación [&hellip;]</p>
