{"id":41,"date":"2020-02-20T14:45:44","date_gmt":"2020-02-20T14:45:44","guid":{"rendered":"http:\/\/192.168.12.35\/wordpress\/?page_id=41"},"modified":"2020-03-09T16:09:32","modified_gmt":"2020-03-09T16:09:32","slug":"estimacion-de-la-amenaza-sismica","status":"publish","type":"page","link":"https:\/\/www.cenais.gob.cu\/cenais\/?page_id=41","title":{"rendered":"Estimaci\u00f3n de la Amenaza S\u00edsmica"},"content":{"rendered":"<p><img loading=\"lazy\" decoding=\"async\" class=\"aligncenter\" src=\"http:\/\/intranet.cenais.cu\/cenais\/wp-content\/themes\/typist\/img\/paginavieja\/Investigaciones_Sismotectonicas.JPG\" alt=\"\" width=\"335\" height=\"262\" \/><\/p>\n<p>Tenemos una amplia experiencia de trabajo en la evaluaci\u00f3n de la amenaza s\u00edsmica, tanto a nivel regional como local, avalada por la ejecuci\u00f3n de trabajos de zonaci\u00f3n s\u00edsmica del territorio nacional y la estimaci\u00f3n del peligro s\u00edsmico para diferentes niveles de riesgo, en el emplazamiento de centrales nucleares, complejos hidroel\u00e9ctricos y otras obras industriales; as\u00ed como en la realizaci\u00f3n de estudios de suelos de fundaci\u00f3n (microzonaci\u00f3n s\u00edsmica) para ciudades y los mencionados emplazamientos.<\/p>\n<p>Tenemos experiencia tambi\u00e9n en la evaluaci\u00f3n de fen\u00f3menos f\u00edsico-geol\u00f3gicos inducidos por sismos, fundamentalmente liquefacci\u00f3n y deslizamientos.<\/p>\n<p>Le realizamos:<\/p>\n<ul>\n<li><strong>Investigaciones Sismotect\u00f3nicas.<\/strong><\/li>\n<li><strong>Estimados de Peligrosidad S\u00edsmica.<\/strong><\/li>\n<li><strong>Estudios de Efecto S\u00edsmico.<\/strong><\/li>\n<li><strong>Evaluaci\u00f3n de la Respuesta Din\u00e1mica de Suelos.<\/strong><\/li>\n<li><strong>Evaluaci\u00f3n de fen\u00f3menos f\u00edsico &#8211; geol\u00f3gicos inducidos.<\/strong><\/li>\n<li><strong>Estudios de Microzonificaci\u00f3n S\u00edsmica.<\/strong><\/li>\n<li><strong>Recomendaciones para el planeamiento del uso del suelo.<\/strong><\/li>\n<li><strong>Evaluaci\u00f3n del Riesgo Sismico.<\/strong><\/li>\n<\/ul>\n","protected":false},"excerpt":{"rendered":"<p>Tenemos una amplia experiencia de trabajo en la evaluaci\u00f3n de la amenaza s\u00edsmica, tanto a nivel regional como local, avalada por la ejecuci\u00f3n de trabajos de zonaci\u00f3n s\u00edsmica del territorio nacional y la estimaci\u00f3n del peligro s\u00edsmico para diferentes niveles de riesgo, en el emplazamiento de centrales nucleares, complejos hidroel\u00e9ctricos y otras obras industriales; as\u00ed [&hellip;]<\/p>\n","protected":false},"author":1,"featured_media":0,"parent":0,"menu_order":0,"comment_status":"closed","ping_status":"closed","template":"","meta":{"footnotes":""},"class_list":["post-41","page","type-page","status-publish","hentry"],"_links":{"self":[{"href":"https:\/\/www.cenais.gob.cu\/cenais\/index.php?rest_route=\/wp\/v2\/pages\/41","targetHints":{"allow":["GET"]}}],"collection":[{"href":"https:\/\/www.cenais.gob.cu\/cenais\/index.php?rest_route=\/wp\/v2\/pages"}],"about":[{"href":"https:\/\/www.cenais.gob.cu\/cenais\/index.php?rest_route=\/wp\/v2\/types\/page"}],"author":[{"embeddable":true,"href":"https:\/\/www.cenais.gob.cu\/cenais\/index.php?rest_route=\/wp\/v2\/users\/1"}],"replies":[{"embeddable":true,"href":"https:\/\/www.cenais.gob.cu\/cenais\/index.php?rest_route=%2Fwp%2Fv2%2Fcomments&post=41"}],"version-history":[{"count":7,"href":"https:\/\/www.cenais.gob.cu\/cenais\/index.php?rest_route=\/wp\/v2\/pages\/41\/revisions"}],"predecessor-version":[{"id":454,"href":"https:\/\/www.cenais.gob.cu\/cenais\/index.php?rest_route=\/wp\/v2\/pages\/41\/revisions\/454"}],"wp:attachment":[{"href":"https:\/\/www.cenais.gob.cu\/cenais\/index.php?rest_route=%2Fwp%2Fv2%2Fmedia&parent=41"}],"curies":[{"name":"wp","href":"https:\/\/api.w.org\/{rel}","templated":true}]}}

Estimación de la Amenaza Sísmica

<p><img loading="lazy" decoding="async" class="aligncenter" src="http://intranet.cenais.cu/cenais/wp-content/themes/typist/img/paginavieja/Investigaciones_Sismotectonicas.JPG" alt="" width="335" height="262" /></p>
<p>Tenemos una amplia experiencia de trabajo en la evaluación de la amenaza sísmica, tanto a nivel regional como local, avalada por la ejecución de trabajos de zonación sísmica del territorio nacional y la estimación del peligro sísmico para diferentes niveles de riesgo, en el emplazamiento de centrales nucleares, complejos hidroeléctricos y otras obras industriales; así como en la realización de estudios de suelos de fundación (microzonación sísmica) para ciudades y los mencionados emplazamientos.</p>
<p>Tenemos experiencia también en la evaluación de fenómenos físico-geológicos inducidos por sismos, fundamentalmente liquefacción y deslizamientos.</p>
<p>Le realizamos:</p>
<ul>
<li><strong>Investigaciones Sismotectónicas.</strong></li>
<li><strong>Estimados de Peligrosidad Sísmica.</strong></li>
<li><strong>Estudios de Efecto Sísmico.</strong></li>
<li><strong>Evaluación de la Respuesta Dinámica de Suelos.</strong></li>
<li><strong>Evaluación de fenómenos físico &#8211; geológicos inducidos.</strong></li>
<li><strong>Estudios de Microzonificación Sísmica.</strong></li>
<li><strong>Recomendaciones para el planeamiento del uso del suelo.</strong></li>
<li><strong>Evaluación del Riesgo Sismico.</strong></li>
</ul>

<p>Tenemos una amplia experiencia de trabajo en la evaluación de la amenaza sísmica, tanto a nivel regional como local, avalada por la ejecución de trabajos de zonación sísmica del territorio nacional y la estimación del peligro sísmico para diferentes niveles de riesgo, en el emplazamiento de centrales nucleares, complejos hidroeléctricos y otras obras industriales; así [&hellip;]</p>
