{"id":108,"date":"2020-02-22T19:50:19","date_gmt":"2020-02-22T19:50:19","guid":{"rendered":"http:\/\/192.168.12.95\/wordpress\/?page_id=108"},"modified":"2020-03-09T16:22:05","modified_gmt":"2020-03-09T16:22:05","slug":"grado-5","status":"publish","type":"page","link":"https:\/\/www.cenais.gob.cu\/cenais\/?page_id=108","title":{"rendered":"Grado 5"},"content":{"rendered":"<h2 class=\"contentheading\" style=\"text-align: center;\"><a href=\"http:\/\/www.cenais.cu\/index.php?option=com_content&amp;view=article&amp;id=108:grado-5&amp;catid=121:escala-de-intensidad\"> Grado 5<\/a><\/h2>\n<div class=\"content-links\" style=\"text-align: center;\"><\/div>\n<p style=\"text-align: center;\">Da\u00f1o estructural muy severo)<\/p>\n<p style=\"text-align: center;\"><strong>Da\u00f1o a edificios de mamposter\u00eda:<\/strong><\/p>\n<p><img decoding=\"async\" class=\"aligncenter\" src=\"http:\/\/www.cenais.cu\/cenais\/wp-content\/themes\/typist\/img\/paginavieja\/Grado 5.1.JPG\" alt=\"\" \/><\/p>\n<p style=\"text-align: center;\">Colapso o casi colapso total.<\/p>\n<p style=\"text-align: center;\"><strong>Da\u00f1o a edificios de concreto reforzado<\/strong><\/p>\n<p><img decoding=\"async\" class=\"aligncenter\" src=\"http:\/\/www.cenais.cu\/cenais\/wp-content\/themes\/typist\/img\/paginavieja\/Grado 5.2.JPG\" alt=\"\" \/><\/p>\n<p style=\"text-align: center;\">\u00a0Colapso de planta baja o parte de edificios.<\/p>\n","protected":false},"excerpt":{"rendered":"<p>Grado 5 Da\u00f1o estructural muy severo) Da\u00f1o a edificios de mamposter\u00eda: Colapso o casi colapso total. Da\u00f1o a edificios de concreto reforzado \u00a0Colapso de planta baja o parte de edificios.<\/p>\n","protected":false},"author":1,"featured_media":0,"parent":0,"menu_order":0,"comment_status":"closed","ping_status":"closed","template":"","meta":{"footnotes":""},"class_list":["post-108","page","type-page","status-publish","hentry"],"_links":{"self":[{"href":"https:\/\/www.cenais.gob.cu\/cenais\/index.php?rest_route=\/wp\/v2\/pages\/108","targetHints":{"allow":["GET"]}}],"collection":[{"href":"https:\/\/www.cenais.gob.cu\/cenais\/index.php?rest_route=\/wp\/v2\/pages"}],"about":[{"href":"https:\/\/www.cenais.gob.cu\/cenais\/index.php?rest_route=\/wp\/v2\/types\/page"}],"author":[{"embeddable":true,"href":"https:\/\/www.cenais.gob.cu\/cenais\/index.php?rest_route=\/wp\/v2\/users\/1"}],"replies":[{"embeddable":true,"href":"https:\/\/www.cenais.gob.cu\/cenais\/index.php?rest_route=%2Fwp%2Fv2%2Fcomments&post=108"}],"version-history":[{"count":3,"href":"https:\/\/www.cenais.gob.cu\/cenais\/index.php?rest_route=\/wp\/v2\/pages\/108\/revisions"}],"predecessor-version":[{"id":466,"href":"https:\/\/www.cenais.gob.cu\/cenais\/index.php?rest_route=\/wp\/v2\/pages\/108\/revisions\/466"}],"wp:attachment":[{"href":"https:\/\/www.cenais.gob.cu\/cenais\/index.php?rest_route=%2Fwp%2Fv2%2Fmedia&parent=108"}],"curies":[{"name":"wp","href":"https:\/\/api.w.org\/{rel}","templated":true}]}}

<h2 class="contentheading" style="text-align: center;"><a href="http://www.cenais.cu/index.php?option=com_content&amp;view=article&amp;id=108:grado-5&amp;catid=121:escala-de-intensidad"> Grado 5</a></h2>
<div class="content-links" style="text-align: center;"></div>
<p style="text-align: center;">Daño estructural muy severo)</p>
<p style="text-align: center;"><strong>Daño a edificios de mampostería:</strong></p>
<p><img decoding="async" class="aligncenter" src="http://www.cenais.cu/cenais/wp-content/themes/typist/img/paginavieja/Grado 5.1.JPG" alt="" /></p>
<p style="text-align: center;">Colapso o casi colapso total.</p>
<p style="text-align: center;"><strong>Daño a edificios de concreto reforzado</strong></p>
<p><img decoding="async" class="aligncenter" src="http://www.cenais.cu/cenais/wp-content/themes/typist/img/paginavieja/Grado 5.2.JPG" alt="" /></p>
<p style="text-align: center;"> Colapso de planta baja o parte de edificios.</p>

<p>Grado 5 Daño estructural muy severo) Daño a edificios de mampostería: Colapso o casi colapso total. Daño a edificios de concreto reforzado  Colapso de planta baja o parte de edificios.</p>
