{"id":102,"date":"2020-02-22T19:43:41","date_gmt":"2020-02-22T19:43:41","guid":{"rendered":"http:\/\/192.168.12.95\/wordpress\/?page_id=102"},"modified":"2020-03-09T16:20:23","modified_gmt":"2020-03-09T16:20:23","slug":"grado-4","status":"publish","type":"page","link":"https:\/\/www.cenais.gob.cu\/cenais\/?page_id=102","title":{"rendered":"Grado 4"},"content":{"rendered":"<p>&nbsp;<\/p>\n<h2 class=\"contentheading\" style=\"text-align: center;\"><a href=\"http:\/\/www.cenais.cu\/index.php?option=com_content&amp;view=article&amp;id=107:grado-4&amp;catid=121:escala-de-intensidad\"> Grado 4<\/a><\/h2>\n<div class=\"content-links\" style=\"text-align: center;\"><\/div>\n<p style=\"text-align: center;\">Da\u00f1o muy severo (da\u00f1o estructural severo, da\u00f1o no estructural muy severo)<\/p>\n<p style=\"text-align: center;\"><strong>Da\u00f1o a edificios de mamposter\u00eda:<\/strong><\/p>\n<p style=\"text-align: center;\"><img decoding=\"async\" class=\"aligncenter\" src=\"http:\/\/www.cenais.cu\/cenais\/wp-content\/themes\/typist\/img\/paginavieja\/Grado 4.1.JPG\" alt=\"\" \/>Falla seria en muros.<\/p>\n<p style=\"text-align: center;\">Falla estructural parcial de techos.<\/p>\n<p style=\"text-align: center;\">Falla de techos y pisos.<\/p>\n<p style=\"text-align: center;\"><strong>Da\u00f1o a edificios de concreto reforzado<\/strong><\/p>\n<p style=\"text-align: center;\"><img decoding=\"async\" class=\"aligncenter\" src=\"http:\/\/www.cenais.cu\/cenais\/wp-content\/themes\/typist\/img\/paginavieja\/Grado 4.2.JPG\" alt=\"\" \/><\/p>\n<p style=\"text-align: center;\">Grandes rajaduras en elementos estructurales con falla a compresi\u00f3n de concreto y fractura de barras de refuerzo.<\/p>\n<p style=\"text-align: center;\">Ruptura de uniones de vigas reforzadas; inclinaci\u00f3n de columnas.<\/p>\n<p style=\"text-align: center;\">Colapso de algunas columnas o de un \u00fanico piso superior.<\/p>\n","protected":false},"excerpt":{"rendered":"<p>&nbsp; Grado 4 Da\u00f1o muy severo (da\u00f1o estructural severo, da\u00f1o no estructural muy severo) Da\u00f1o a edificios de mamposter\u00eda: Falla seria en muros. Falla estructural parcial de techos. Falla de techos y pisos. Da\u00f1o a edificios de concreto reforzado Grandes rajaduras en elementos estructurales con falla a compresi\u00f3n de concreto y fractura de barras de [&hellip;]<\/p>\n","protected":false},"author":1,"featured_media":0,"parent":0,"menu_order":0,"comment_status":"closed","ping_status":"closed","template":"","meta":{"footnotes":""},"class_list":["post-102","page","type-page","status-publish","hentry"],"_links":{"self":[{"href":"https:\/\/www.cenais.gob.cu\/cenais\/index.php?rest_route=\/wp\/v2\/pages\/102","targetHints":{"allow":["GET"]}}],"collection":[{"href":"https:\/\/www.cenais.gob.cu\/cenais\/index.php?rest_route=\/wp\/v2\/pages"}],"about":[{"href":"https:\/\/www.cenais.gob.cu\/cenais\/index.php?rest_route=\/wp\/v2\/types\/page"}],"author":[{"embeddable":true,"href":"https:\/\/www.cenais.gob.cu\/cenais\/index.php?rest_route=\/wp\/v2\/users\/1"}],"replies":[{"embeddable":true,"href":"https:\/\/www.cenais.gob.cu\/cenais\/index.php?rest_route=%2Fwp%2Fv2%2Fcomments&post=102"}],"version-history":[{"count":8,"href":"https:\/\/www.cenais.gob.cu\/cenais\/index.php?rest_route=\/wp\/v2\/pages\/102\/revisions"}],"predecessor-version":[{"id":464,"href":"https:\/\/www.cenais.gob.cu\/cenais\/index.php?rest_route=\/wp\/v2\/pages\/102\/revisions\/464"}],"wp:attachment":[{"href":"https:\/\/www.cenais.gob.cu\/cenais\/index.php?rest_route=%2Fwp%2Fv2%2Fmedia&parent=102"}],"curies":[{"name":"wp","href":"https:\/\/api.w.org\/{rel}","templated":true}]}}

<p>&nbsp;</p>
<h2 class="contentheading" style="text-align: center;"><a href="http://www.cenais.cu/index.php?option=com_content&amp;view=article&amp;id=107:grado-4&amp;catid=121:escala-de-intensidad"> Grado 4</a></h2>
<div class="content-links" style="text-align: center;"></div>
<p style="text-align: center;">Daño muy severo (daño estructural severo, daño no estructural muy severo)</p>
<p style="text-align: center;"><strong>Daño a edificios de mampostería:</strong></p>
<p style="text-align: center;"><img decoding="async" class="aligncenter" src="http://www.cenais.cu/cenais/wp-content/themes/typist/img/paginavieja/Grado 4.1.JPG" alt="" />Falla seria en muros.</p>
<p style="text-align: center;">Falla estructural parcial de techos.</p>
<p style="text-align: center;">Falla de techos y pisos.</p>
<p style="text-align: center;"><strong>Daño a edificios de concreto reforzado</strong></p>
<p style="text-align: center;"><img decoding="async" class="aligncenter" src="http://www.cenais.cu/cenais/wp-content/themes/typist/img/paginavieja/Grado 4.2.JPG" alt="" /></p>
<p style="text-align: center;">Grandes rajaduras en elementos estructurales con falla a compresión de concreto y fractura de barras de refuerzo.</p>
<p style="text-align: center;">Ruptura de uniones de vigas reforzadas; inclinación de columnas.</p>
<p style="text-align: center;">Colapso de algunas columnas o de un único piso superior.</p>

<p>&nbsp; Grado 4 Daño muy severo (daño estructural severo, daño no estructural muy severo) Daño a edificios de mampostería: Falla seria en muros. Falla estructural parcial de techos. Falla de techos y pisos. Daño a edificios de concreto reforzado Grandes rajaduras en elementos estructurales con falla a compresión de concreto y fractura de barras de [&hellip;]</p>
